be ((-46)/(-4) - 1)*(-228)/(-266). Calculate b(o).
14
Let a(d) = 3*d + 31. Let t(q) = -131*q + 773. Let c be t(6). Determine a(c).
-8
Let q(o) be the third derivative of o**4/4 - 5*o**3 + 5*o**2 - 240*o. Give q(-3).
-48
Let g(z) = 1867811 - 1867819 + 8*z**2 + 4*z - z**3 + 2*z**3. Give g(-5).
47
Let i(j) be the first derivative of 2*j + 4/3*j**3 + 3/2*j**2 + 5/4*j**4 - 88. Let y(t) = t + 5. Let h be y(-7). Give i(h).
-28
Let u(g) = g**2 - 14*g + 12. Let d(p) = -17*p**2 - 16*p + 14. Let z be d(5). Let o = 503 + z. Give u(o).
-12
Let g(m) = 2*m**2 - 4*m - 5. Let f(h) = -h**3 + 12*h**2 + 129*h - 24. Let r be f(-7). Determine g(r).
11
Let l(k) = 550*k - 270*k - 5*k**2 + 2*k**2 + 4*k**2 - 275*k + 14. Calculate l(-5).
14
Let m(o) be the first derivative of 5*o**3/3 + 11*o**2/2 + 7*o + 16082. Determine m(-1).
1
Suppose 3*m + 837 = -339. Let r = 390 + m. Let o(a) = a - 1. Calculate o(r).
-3
Let m(u) = 2*u - 19. Suppose -436 = 24*s + 85*s. What is m(s)?
-27
Let n(k) = -2*k + 5 + k + 3*k. Let x = 535 + -430. Suppose 26*a = 51 + x. What is n(a)?
17
Let u(g) = 6*g**2 + 21*g - 9. Let h(o) = -2*o + 8. Let m(r) = 2*h(r) + u(r). Calculate m(-2).
-3
Let z(c) = 13*c - 68. Let u(l) = -9*l + 481. Let k be u(53). Calculate z(k).
-16
Suppose 41 + 189 = -5*v. Let u = v + 50. Let c(o) = o - 23 + 27 - o**3 - u*o**2 - 4*o**2. Determine c(-8).
-4
Let r(j) be the second derivative of -j**3/2 + 63*j**2/2 - 14*j + 16. Give r(17).
12
Let u(i) = 5*i**2 + 34*i - 29. Let p(t) = -7*t**2 - 38*t + 27. Let n(d) = 3*p(d) + 4*u(d). Determine n(18).
37
Let z(l) = 26354 - 13169 - 13180 + l. Suppose c + 5*j - 4*j - 2 = 0, -4*j = -8. What is z(c)?
5
Suppose 247*f = 241*f. Let s(a) = f*a - 42 + 47 + 2*a. Give s(2).
9
Suppose 12*y - 10*y - 98 = 0. Let g(z) = -y + z**2 + 46 + z - 2*z**2 + z. Determine g(4).
-11
Let p(w) = 13*w**3 - 43*w**2 + 27*w - 21. Let l(k) = -8*k**3 + 28*k**2 - 18*k + 14. Let t(i) = -8*l(i) - 5*p(i). Determine t(-10).
3
Suppose 4*s + 0*s = -a - 11, -a + 21 = -4*s. Let b(g) = -6 - 169*g**2 + a + 168*g**2 + 9 - 5*g. Suppose -4*j = p - 5*j + 6, 0 = -p - 3*j - 6. Determine b(p).
2
Let i(v) = -568*v + 1247*v - 685*v + 33 + 8*v**2 + v**3. What is i(-9)?
6
Let h(j) = j**3 - 9*j**2 - 73*j - 8. Suppose -6*p - 3*x = -4*p - 28, 0 = -4*p + x + 56. What is h(p)?
-50
Let b(c) be the third derivative of -c**4/24 - 47*c**3/6 - 1470*c**2. What is b(14)?
-61
Let p(r) = 2*r**3 - r**2 + 3. Let v(b) = -5*b**3 - 11*b**2 - 11*b - 33. Let n(g) = -2*p(g) - v(g). What is n(-12)?
39
Let n(w) = 3*w**3 - 23*w**2 - 11*w + 12. Suppose 4*c + 15*c = 257 - 105. Calculate n(c).
-12
Let h = -78 - -78. Let m(o) = 9*o + 5. Let t be m(h). Suppose 3*z + 9 = -0*n + t*n, -5*n - 5*z = -25. Let g(f) = -f**3 + 4*f**2 - f + 4. Give g(n).
10
Let y = -2 - -3. Suppose 24*q - 27*q + 33 = 0. Let t(r) = r**2 + 0*r**2 - q*r - 4*r**2 + 10*r. What is t(y)?
-4
Let d(j) = 116*j**2 - 110*j - 600. Let g(i) = -21*i**2 + 22*i + 120. Let q(s) = 2*d(s) + 11*g(s). Give q(-11).
-1
Suppose 9*c - 55*c - 61*c = 1070. Let v(l) = -2*l**3 - 21*l**2 - 10*l - 9. Give v(c).
-9
Suppose -26*v + 28*v - 22 = 0. Let s(w) = w - 7 + v + 4. Let o(n) = n + 8. Let g(d) = -4*o(d) + 5*s(d). Determine g(-9).
-1
Let z(b) = -b**2 - 5*b + 9. Let q = 67 - 73. Let n be (-1 + (-46)/q)/(6/9). Let c be -4 - ((-6)/n - (-36)/10). What is z(c)?
-5
Suppose -4*c - 21 = -3*q - c, c = -4. Let w(z) = -6045 + 12088 + 3*z - 6050. Calculate w(q).
2
Let d(y) = -y**2 - 24*y - 38. Let m(t) = 6*t**2 + 146*t + 227. Let i(l) = -13*d(l) - 2*m(l). Calculate i(-18).
4
Let r(c) be the second derivative of c**3/6 - 11*c. Let d be 7/14*13/((-26)/(-4)). Calculate r(d).
1
Let m(a) = 4*a**2 + 16 + 17*a + 3*a**2 - 6*a - 6*a**2 - 14. Determine m(-11).
2
Let h(d) = d**3 - 5*d**2 - 19*d + 64. Let m be (-136 - -126)*(-9)/15. Calculate h(m).
-14
Let r(d) = -12*d**2 - 3*d - 4. Let p(b) = -2*b**2 - 3*b - 1. Let t(q) = -4*p(q) + r(q). Give t(3).
-9
Let m(r) = r**3 - 9*r**2 - 7*r - 1. Let x(i) = 4*i**2 + 8*i + 2. Let p(d) = d**2 - d - 2. Let t(f) = 2*p(f) + x(f). Let g be t(1). Calculate m(g).
29
Let h(p) = 3*p**2 + 2*p - 15. Let g(s) = 49*s**2 - 296*s - 33. Let y(x) = -g(x) + 2*h(x). What is y(7)?
-4
Let q(z) be the first derivative of -73*z**3/3 - 5*z**2/2 - 5*z - 2974. What is q(-1)?
-73
Let k(m) = -295*m - 4132. Let j be k(-14). Let q(c) = 3*c**3 + 4*c**2 + 4*c + 2. Determine q(j).
-14
Suppose 3 = 4*p - 1. Let v(z) = 3*z**2 - z + 4. Let o(x) = -x**2 - x - 1. Let k(y) = p*v(y) + 4*o(y). Let u = 1043 + -1047. Calculate k(u).
4
Let v(r) be the second derivative of -r**4/12 - r**3/2 + 5*r**2 - 645*r. Give v(2).
0
Let v(k) = 6*k + 6. Let u(f) = 7*f + 6. Let i(s) = 4*u(s) - 5*v(s). Suppose -56*y - 1778 = -139*y - 171*y. Give i(y).
-20
Let f(y) = -17*y**2 - 36 + y**3 - 2*y**3 - 6461*y + 2*y**3 + 6425*y. Determine f(19).
2
Suppose 52*c + 265 = 105*c. Let b(a) = a**3 - 2*a**2 - 2*a - 5. Calculate b(c).
60
Let w be (-6)/(-15) - 32/(-20). Suppose -100 = -5*r + 3*v, -w*r - r - 3*v + 60 = 0. Let h be (0 + (-8)/r)/((-1)/(-10)). Let m(j) = -3*j - 4. Determine m(h).
8
Suppose 4 = -u + 3*g - 38, 2*u + 4*g = -54. Let k(i) = -i**2 - 31*i + 71. What is k(u)?
5
Let d(n) = -12*n**3 + n**2. Let b(m) = m**3 + 5*m**2 - 7*m + 61 - 121 + 55. Let h be b(-6). Calculate d(h).
-11
Suppose -5*u - 75 = -4*x, -5*u - 2*x - 41 - 4 = 0. Let t = 5 + u. Let l(f) = -f**2 - 6*f + 5. Determine l(t).
5
Let n(p) = -541*p + 4326. Let q be n(8). Let a(z) = 20*z + 3. Calculate a(q).
-37
Let w(z) = -3*z**2 - 1. Let r(u) = -38*u**2 + 2*u - 9. Let d(m) = r(m) - 6*w(m). Give d(1).
-21
Let o(u) = 9*u**3 - 3*u**2 + 8*u + 7. Let m(l) = -l**3 + 2*l**2 - l - 2. Let g(v) = 2*m(v) + o(v). Calculate g(-2).
-61
Let x(j) be the first derivative of -5*j**2/2 - 78*j + 1322. Determine x(-16).
2
Let l be (-8 - -21 - 0) + -13. Let o(p) = p - 3 + 0 + 5. Give o(l).
2
Let x(v) = v**3 - 13*v**2 + v - 9. Suppose 3*t - 27 = 6*f - 10*f, -14 = -2*t - 4*f. Determine x(t).
4
Let n(o) = -o**2 + 2*o + 6. Let b = -5 + 14. Suppose 3*s - y + b = 0, 3*s + 0*y = -5*y - 9. Let c be n(s). Let k(u) = u**3 + 10*u**2 + 8*u - 11. Calculate k(c).
-2
Let i(g) = -g**2 + 8*g - 16. Let n be i(5). Let o(y) be the third derivative of 8*y**2 + 0 + 0*y + 7/12*y**4 - 1/6*y**3. Calculate o(n).
-15
Let m(w) = -5*w - 6. Let x(h) = -2*h**3 - 12*h**2 - 4*h - 12. Let s be x(-6). Suppose -8*n = s*n + 80. Calculate m(n).
14
Suppose -5*w - 174 = -11*w. Suppose 4*z - 173 + w = 0. Let v(m) = -z*m + 17*m + 3 - m**2 + 23*m. Calculate v(4).
3
Let l(q) = 4*q + 3. Suppose -12 = 28*a - 124. Determine l(a).
19
Let k = -4128 + 4125. Let z(l) = -7*l + 2. Let h(w) = -35*w + 9. Let b(c) = -2*h(c) + 11*z(c). What is b(k)?
25
Let j(t) = -4*t + 13. Let g be j(-8). Let d = g - 45. Suppose -3*o - 6 = 3*y, -y + o - 4 = -d*y. Let b(c) = 2*c**2 + c + 4. Give b(y).
19
Let a(d) be the second derivative of d**3/6 + d**2 + 6095*d - 2. Suppose -4*w - 3*f = 9, -4*w + 2*w - 17 = -f. Determine a(w).
-4
Let t(u) = u**3 + 14*u**2 + 14*u + 39. Let j(r) = 27*r + 338. Let n be j(-13). Determine t(n).
26
Suppose 0 = 4*a - 5*a - 5*y - 13, -y + 4 = -2*a. Let f(n) = n**3 + 6*n**2 - 22. Calculate f(a).
5
Let i = 13 - 33. Let d = -11 - i. Let j(k) = d*k - 8*k**2 + 5 - 14*k**2 + 32*k**2 - 9*k**2. Give j(-8).
-3
Let z(h) = 71*h + 5. Let c(o) = -166*o - 10. Let g(i) = -3*c(i) - 7*z(i). Calculate g(-2).
-7
Let j(s) = -s + 10. Let q = -62 + 109. Suppose -q - 97 = -12*f. Let a be j(f). Let t(h) = h**3 + 2*h**2 + h - 2. What is t(a)?
-4
Let p(q) be the second derivative of 1/240*q**6 + 0*q**5 + 5/12*q**4 + 0*q**2 - 17*q + 0 + 0*q**3. Let j(b) be the third derivative of p(b). What is j(4)?
12
Let g = 86 + -33. Let d = -14 - g. Let q = d - -64. Let l(y) = 3*y**2 + 2*y + 1. What is l(q)?
22
Let j(a) = -2*a**2 + 6*a - 6. Suppose 29*t - 34*t + 2358 = -m, m - 1881 = -4*t. Let v = t + -468. Calculate j(v).
-6
Let u(d) = -4*d**3 - 42*d**2 + 29*d + 27. Let v(n) = n**3 + 14*n**2 - 10*n - 9. Let y(w) = -2*u(w) - 7*v(w). Suppose 5*r + 4*r - 117 = 0. Calculate y(r).
-4
Let n(p) = -44*p - 57*p + p**2 + 105*p - 6. Suppose -3*a = 3*i - 2*i - 8, -2*a = 5*i - 1. Let o be (i + -1)/((-6)/(-15)). Give n(o).
-1
Let l(a) be the second derivative of -a**5/20 - a**4/6 - 4*a**3/3 - 3*a**2/2 + 415*a. Determine l(-2).
13
Let t(a) be the third derivative of 0*a + 1/24*